{"id":39,"date":"2018-05-20T14:33:08","date_gmt":"2018-05-20T14:33:08","guid":{"rendered":"http:\/\/www.strnadova30.cz\/?page_id=39"},"modified":"2018-05-22T09:31:33","modified_gmt":"2018-05-22T09:31:33","slug":"historie-zavodu","status":"publish","type":"page","link":"https:\/\/www.strnadova30.cz\/index.php\/historie-zavodu\/","title":{"rendered":"Historie z\u00e1vodu"},"content":{"rendered":"<p>R\u016f\u017ekovy Lhotice, mal\u00e1 vesni\u010dka na Podblanicku s necelou stovkou obyvatel, je zn\u00e1ma z \u017eivotopis\u016f Bed\u0159icha Smetany, jeho\u017e ml\u00e1d\u00ed a pr\u00e1zdninov\u00e9 pobyty p\u0159ipom\u00edn\u00e1 i mal\u00e1 expozice Muzea Podblanicka\u00a0 ve zdej\u0161\u00edm z\u00e1me\u010dku. V n\u011bkolika posledn\u00edch letech ve\u0161lo jm\u00e9no obce do pov\u011bdom\u00ed \u010desk\u00fdch cyklist\u016f d\u00edky z\u00e1vodu zvan\u00e9mu Strnadova t\u0159ic\u00edtka.<\/p>\n<p>Cyklistick\u00e9 z\u00e1vody i jejich vznik m\u00edvaj\u00ed r\u016fzn\u00e9 osudy. Zaj\u00edmav\u00e9 jsou i po\u010d\u00e1tky tohoto z\u00e1vodu. Skupina cykloturist\u016f, nebo sp\u00ed\u0161e p\u0159\u00e1tel cyklistiky z \u010cechtic, se p\u0159ed lety p\u0159ihl\u00e1sila na tzv. Mach\u00e1tovu stovku. To byl z\u00e1vod na 100 km z Prahy do vesni\u010dky Sn\u011bta nedaleko p\u0159ehrady \u017delivka, kter\u00fd pravideln\u011b jezdili p\u0159\u00edznivci sn\u011btsk\u00e9ho Mach\u00e1tova hostince. Ti v\u0161ak nest\u00e1li o roz\u0161i\u0159ov\u00e1n\u00ed po\u010dtu \u00fa\u010dastn\u00edk\u016f, a tak se odm\u00edtnut\u00ed z\u00e1jemci rozhodli uspo\u0159\u00e1dat sv\u016fj vlastn\u00ed z\u00e1vod. Ve\u0161ker\u00e9 starosti vzal na sebe elektrik\u00e1\u0159 Franta Strnad, \u010dlov\u011bk, kter\u00fd nikdy aktivn\u011b nesportoval, a nem\u011bl ani organiza\u010dn\u00ed zku\u0161enosti. A p\u0159esto dok\u00e1zal nejen p\u0159ipravit a vyzna\u010dit trasu (vede po nefrekventovan\u00fdch silni\u010dk\u00e1ch malebn\u00fdm p\u0159edh\u016f\u0159\u00edm Vyso\u010diny), rozeslat propozice, uskute\u010dnit z\u00e1vod, zpracovat v\u00fdsledky, ale nav\u00edc pro \u00fa\u010dastn\u00edky na n\u00e1vsi u rybn\u00edka za doprovodu \u017eiv\u00e9 hudby za\u0159\u00eddit posezen\u00ed s ob\u010derstven\u00edm u op\u00e9kan\u00e9ho pras\u00e1tka, co\u017e se v\u0161em l\u00edb\u00ed tak, \u017ee se \u010d\u00e1st \u00fa\u010dastn\u00edk\u016f rozj\u00ed\u017ed\u00ed a\u017e za svitu m\u011bs\u00edce.<\/p>\n<p>Neopakovateln\u00e1 atmosf\u00e9ra z\u00e1vodu sem l\u00e1k\u00e1 ka\u017edoro\u010dn\u011b vedle st\u00e1l\u00fdch \u00fa\u010dastn\u00edk\u016f i neregistrovan\u00e9 z\u00e1vodn\u00edky z cel\u00e9ho Podblanicka, Pos\u00e1zav\u00ed, Prahy a r\u016fzn\u00fdch m\u00edst cel\u00e9 republiky. Vedle nich se objevuj\u00ed i registrovan\u00ed z\u00e1vodn\u00edci, a tak sportovn\u00ed \u00farove\u0148 ka\u017ed\u00fd rok stoup\u00e1, i kdy\u017e kamar\u00e1dsk\u00fd amat\u00e9rsk\u00fd duch z\u016fst\u00e1v\u00e1 zachov\u00e1n. Tento z\u00e1vod se postupem doby stal v\u00fdbornou propagac\u00ed cyklistiky a sportu v\u016fbec v \u0161irok\u00e9m okol\u00ed. Sv\u011bd\u010d\u00ed o tom i z\u00e1jem div\u00e1k\u016f.<\/p>\n<p>Probl\u00e9my s po\u0159\u00e1d\u00e1n\u00edm 23. ro\u010dn\u00edku, jejich\u017e p\u0159\u00ed\u010dinou byly spory mezi po\u0159adateli v R\u016f\u017ekov\u00fdch Lhotic\u00edch, vedly m\u00e1lem k z\u00e1niku z\u00e1vodu. Aby byl z\u00e1vod zachov\u00e1n, bylo rozhodnuto p\u0159en\u00e9st start z\u00e1vodu i jeho z\u00e1zem\u00ed na n\u00e1dvo\u0159\u00ed z\u00e1mku Muzea Bed\u0159icha Smetany. Do organizace z\u00e1vodu tak vstupuj\u00ed jako nov\u00ed \u010dinitel\u00e9 Muzeum Podblanicka a zejm\u00e9na restaurace Lilie v \u010cechtic\u00edch, zaji\u0161\u0165uj\u00edc\u00ed v prv\u00e9m p\u0159\u00edpad\u011b kulturn\u011bj\u0161\u00ed soci\u00e1ln\u00ed z\u00e1zem\u00ed z\u00e1vod\u016f, v\u010detn\u011b parkov\u00e1n\u00ed aut, a v druh\u00e9m p\u0159\u00edpad\u011b pak ob\u010derstven\u00ed z\u00e1vodn\u00edk\u016f a div\u00e1k\u016f i n\u00e1sledn\u00fd program po ukon\u010den\u00ed z\u00e1vodu.<\/p>\n<p>Uveden\u00e9 zm\u011bny m\u011bly vesm\u011bs velmi pozitivn\u00ed ohlas mezi z\u00e1vodn\u00edky i div\u00e1ky. Probl\u00e9my s po\u0159\u00e1d\u00e1n\u00edm 23. ro\u010dn\u00edku v\u0161ak upozornily na nutnost postavit po\u0159\u00e1d\u00e1n\u00ed z\u00e1vod\u016f na solidn\u00ed pr\u00e1vn\u00ed z\u00e1klad. Proto do\u0161lo v \u00fanoru 2011 k zalo\u017een\u00ed neziskov\u00e9ho ob\u010dansk\u00e9ho sdru\u017een\u00ed P\u0159\u00e1tel\u00e9 Strnadovy t\u0159ic\u00edtky (PST) &#8211; viz stanovy OS PST. V\u011b\u0159\u00edme, \u017ee profesionalizace veden\u00ed bude z\u00e1vodu jen ku prosp\u011bchu. Veden\u00ed z\u00e1vodu uva\u017euje mj. o zaveden\u00ed nov\u00e9 kategorie cyklist\u016f t\u011blesn\u011b posti\u017een\u00fdch.<\/p>\n<p>Prvn\u00edm po\u010dinem sdru\u017een\u00ed PST bylo obnoven\u00ed tradice cyklistick\u00fdch ples\u016f (prvn\u00ed \u010dty\u0159i se konaly po prvn\u00edch ro\u010dn\u00edc\u00edch z\u00e1vodu v \u010cechtic\u00edch a na Zho\u0159i). Plesu konan\u00e9ho 26. 2. 2011 v p\u0159\u00edjemn\u00e9m kulturn\u00edm a hlavn\u011b neku\u0159\u00e1ck\u00e9m prost\u0159ed\u00ed restaurace Lilie v \u010cechtic\u00edch se z\u00fa\u010dastnila stovka nad\u0161en\u00fdch p\u0159\u00edznivc\u016f z\u00e1vodu. D\u00edky sponzor\u016fm byl ples \u00fasp\u011b\u0161n\u00fd i finan\u010dn\u011b, a tak bylo rozhodnuto o jeho ka\u017edoro\u010dn\u00edm uspo\u0159\u00e1d\u00e1n\u00ed v term\u00ednu posledn\u00ed \u00fanorov\u00e9 soboty.<\/p>\n","protected":false},"excerpt":{"rendered":"<p>R\u016f\u017ekovy Lhotice, mal\u00e1 vesni\u010dka na Podblanicku s necelou stovkou obyvatel, je zn\u00e1ma z \u017eivotopis\u016f Bed\u0159icha Smetany, jeho\u017e ml\u00e1d\u00ed a pr\u00e1zdninov\u00e9 pobyty p\u0159ipom\u00edn\u00e1 i mal\u00e1 expozice Muzea Podblanicka\u00a0 ve zdej\u0161\u00edm z\u00e1me\u010dku. V n\u011bkolika posledn\u00edch letech ve\u0161lo jm\u00e9no obce do pov\u011bdom\u00ed \u010desk\u00fdch cyklist\u016f d\u00edky z\u00e1vodu zvan\u00e9mu Strnadova t\u0159ic\u00edtka. Cyklistick\u00e9 z\u00e1vody i jejich vznik m\u00edvaj\u00ed r\u016fzn\u00e9 osudy. Zaj\u00edmav\u00e9 &hellip; <a href=\"https:\/\/www.strnadova30.cz\/index.php\/historie-zavodu\/\" class=\"more-link\">Pokra\u010dov\u00e1n\u00ed textu <span class=\"screen-reader-text\">Historie z\u00e1vodu<\/span><\/a><\/p>\n","protected":false},"author":1,"featured_media":32,"parent":0,"menu_order":0,"comment_status":"closed","ping_status":"closed","template":"","meta":{"footnotes":""},"class_list":["post-39","page","type-page","status-publish","has-post-thumbnail","hentry"],"_links":{"self":[{"href":"https:\/\/www.strnadova30.cz\/index.php\/wp-json\/wp\/v2\/pages\/39","targetHints":{"allow":["GET"]}}],"collection":[{"href":"https:\/\/www.strnadova30.cz\/index.php\/wp-json\/wp\/v2\/pages"}],"about":[{"href":"https:\/\/www.strnadova30.cz\/index.php\/wp-json\/wp\/v2\/types\/page"}],"author":[{"embeddable":true,"href":"https:\/\/www.strnadova30.cz\/index.php\/wp-json\/wp\/v2\/users\/1"}],"replies":[{"embeddable":true,"href":"https:\/\/www.strnadova30.cz\/index.php\/wp-json\/wp\/v2\/comments?post=39"}],"version-history":[{"count":3,"href":"https:\/\/www.strnadova30.cz\/index.php\/wp-json\/wp\/v2\/pages\/39\/revisions"}],"predecessor-version":[{"id":118,"href":"https:\/\/www.strnadova30.cz\/index.php\/wp-json\/wp\/v2\/pages\/39\/revisions\/118"}],"wp:featuredmedia":[{"embeddable":true,"href":"https:\/\/www.strnadova30.cz\/index.php\/wp-json\/wp\/v2\/media\/32"}],"wp:attachment":[{"href":"https:\/\/www.strnadova30.cz\/index.php\/wp-json\/wp\/v2\/media?parent=39"}],"curies":[{"name":"wp","href":"https:\/\/api.w.org\/{rel}","templated":true}]}}